= -4*a + 1 - 5 + 3*a. Let u be 0 + (4 - (0 + 4)). Give f(u).
-4
Let k(a) = -4*a + 5. Let h(d) = -2*d + 2. Let g(f) = 7*h(f) - 3*k(f). Calculate g(2).
-5
Let d(m) = -m**2 + 6*m + 7. Let a = 1 + 5. Determine d(a).
7
Let n(o) = -o - 3*o - 1 - 2*o - 3*o. What is n(-1)?
8
Let d(h) = -h**3 + h**2 - h + 1. Suppose 3*j - 2*z + 5 = 48, 5*j - z - 67 = 0. Suppose -m + 4*a = -a - j, 2*a = m - 7. Let u be m - 4/2 - 0. What is d(u)?
0
Let g(x) = -4 + 0 - 4 + 4. Let y(n) = n + 3. Let j(r) = -3*g(r) - 4*y(r). Give j(-1).
4
Let x(r) = -r**2 - r - 1. Let p(i) = 5*i**2 + 12*i + 8. Suppose 3*a - 30 = -3*f, a = -3*f - 2 + 24. Let w(l) = f*x(l) + p(l). Suppose u - 3 = 2. Calculate w(u).
7
Suppose -18 = 2*d - 66. Let f be (-16)/d*(-6)/(-4). Let p(a) = a**2. Determine p(f).
1
Suppose 0*m - 2*l + 22 = 3*m, 5*m + 4*l - 40 = 0. Suppose 3*r + 2 = m*r. Let j(g) = g**2 + g - g - g. Give j(r).
2
Let x(t) be the third derivative of -t**6/120 + t**5/20 + t**3/2 + 6*t**2. Give x(4).
-13
Let x(b) be the first derivative of -b**3/3 - b**2 - 6*b - 6. Let h(w) be the first derivative of x(w). Calculate h(3).
-8
Let t(x) be the first derivative of -1 + x**2 - 1/12*x**4 + 0*x**3 + 3*x. Let u(z) be the first derivative of t(z). What is u(2)?
-2
Let v(w) = 9 + 9 - 25 + 10*w + 2*w**2. Let x(n) = n. Let g(c) = -5*c**2 - 24*c + 20. Let p(b) = g(b) - 5*x(b). Let j(r) = -3*p(r) - 8*v(r). What is j(5)?
6
Suppose -5 = 10*t - 45. Let c(m) = m**2 - m + 3. Give c(t).
15
Suppose 10 = t + 5*i - 4*i, -2*i + 35 = 5*t. Let s(y) = -y**2 - 7*y - 5. Let w be s(-5). Let a(v) = -w*v + t - 3 - v. Give a(2).
-10
Let a(i) = i**3 + 5*i**2 + 3*i + 7. Let p(s) = 3*s**3 + 11*s**2 + 7*s + 15. Suppose -3*n - 4 = -2*b + 7, -3*n = 15. Let l(c) = b*p(c) + 5*a(c). Give l(4).
-7
Suppose 0 = -2*o - 4, 2*o - 6*o = -n + 24. Suppose -m - 3*m - n = 0. Let t(g) = -g**2 - 4*g - 3. What is t(m)?
-3
Let d(s) = s + 1. Let t = 2 + -3. Let k be d(t). Let o(b) = 2*b - 1 + k*b + 2*b. Give o(-1).
-5
Let q(k) = k - 2. Let h(a) = -a. Let m(w) = 5*h(w) - q(w). Let l = 21 + -23. Let y(z) = -z. Let r(v) = l*y(v) + m(v). Determine r(2).
-6
Let c be 5*(2 + -3) - 0. Let n = c + 9. Let f(i) = i**3 - 5*i**2 - 3*i + 2. Let g(o) = -2*o**3 + 10*o**2 + 7*o - 4. Let p(b) = 13*f(b) + 6*g(b). Calculate p(n).
-2
Let u(t) = t**2 + 4*t + 2. Let s be u(-4). Let m(c) = -c - s*c + 7*c. Calculate m(2).
8
Let g(v) = 5*v**3 + 13*v**2 - 2*v - 5. Let l(x) = -2*x**3 - 6*x**2 + x + 2. Let y(f) = 3*f**2 - 3*f + 1. Let w be y(2). Let a(c) = w*l(c) + 3*g(c). Give a(2).
-3
Let m = 4 - -1. Suppose 0 = y - 0*y - m. Let f(d) = -4*d**2 - 4 - 17*d**3 - 3*d + 4*d + 18*d**3 - 6*d. Give f(y).
-4
Let y(l) = l**2 - 5*l + 4. Let d = -39 + 64. Let x = 18 - d. Let f = x - -11. Give y(f).
0
Let n(f) = -f**2 - 3*f + 4. Let i = 7 - 2. Suppose -2*t - 3*t = -4*c + 13, -4*t = i*c + 35. Give n(c).
4
Let x(l) = -l**3 - 4*l**2 - 4. Let s = -19 + 16. Determine x(s).
-13
Suppose -u + 2*u - 4 = 0. Let q be 2/(-3) + 52/6. Let h(f) = 5 + f**2 + 5*f - 3*f - q*f. What is h(u)?
-3
Let w(f) = -5*f - 25. Let t be w(-5). Let u(b) = -b + b**3 - 8 - b**2 + 0*b**2 + 0*b. Calculate u(t).
-8
Let p(g) = -1 + g**2 + 1. Suppose -2*j + 0*s - 2*s = -2, 3*s = 5*j - 5. Let w be j - (-2*1)/(-2). Give p(w).
0
Let c(y) = y**2 + 5*y - 4. Let f = 157 + -161. What is c(f)?
-8
Let j be (-90)/(-21) - 6/21. Let w(r) = -r**2 + 4*r + 1. Calculate w(j).
1
Let b be (-4 + 7 - 9)*1. Let x = b + 1. Let c(s) = -s + 1. Calculate c(x).
6
Let j be (1 + -3)/(4/8). Let k(n) = n**2 - n. Let c(a) = -a**2 + 4*a + 1. Let i(x) = c(x) + 2*k(x). Calculate i(j).
9
Let c be (-2)/9 + 34/(-9). Let k be 2*(-1)/c*4. Let o(z) = -z + 1. What is o(k)?
-1
Let v(y) be the second derivative of y**5/20 + 2*y**4/3 + 11*y**3/6 + 5*y**2 + 3*y. Determine v(-7).
-18
Let l(k) = 3*k**3 - 2*k**2 - 2*k - 1. Let i = -64 - -63. Determine l(i).
-4
Let h = 17 + -17. Suppose h = g + 3*g + 20. Let a(f) = -f**2 - 2*f + 3. Calculate a(g).
-12
Let d = -2 - 3. Let u(r) = 7*r**2 + 10*r - 10. Let o(s) = 20*s**2 + 29*s - 29. Let i(y) = 6*o(y) - 17*u(y). Give i(d).
1
Let b(k) = 2*k + 6. Suppose -2*a = -5*a - 5*f + 30, 0 = 5*a - f - 22. Suppose -m = -5*m - 4*r - 36, a*m + 33 = -r. Calculate b(m).
-6
Let l(p) = p**3 + 2*p**2 - 3*p + 2. Suppose -5 = 2*a - 3*j, 3*a + 5 = 2*a + 2*j. Suppose -2*k - 32 = 2*k + a*g, 5*g + 8 = 4*k. Calculate l(k).
2
Let z(f) = 3*f - 1. Let s(c) = -4*c**2 - 4*c - c - c**3 + 5*c - 1. Let w be s(-4). What is z(w)?
-4
Let g be (-11)/3 + (-8)/6. Let x(l) = l**3 + 6*l**2 + 6*l + 4. Calculate x(g).
-1
Let x be 1/(0 - (-2)/44). Suppose 0 = 5*r + 4*k - x, -4*k + 6 + 4 = 3*r. Let i(z) = -z**2 + 4*z + 5. Calculate i(r).
-7
Let b = -1 + 1. Suppose 5*p = 4*k - 261, 378 - 122 = 4*k - 4*p. Let d(u) = -k*u - 2 + 59*u - u**2. What is d(b)?
-2
Let h(u) = -u**2. Let r be h(-1). Let x(l) = -6*l**2 + 2*l + 1. Give x(r).
-7
Let x = 0 - 4. Let g be x - (0 + 0 + 1). Let j(n) = -n**3 - 4*n**2 + 6*n - 3. Determine j(g).
-8
Suppose -7 = 3*r - 37. Let d = r - 15. Let g(a) = 0*a + a - 3*a - 5. Calculate g(d).
5
Let o(z) = 2*z + 6. Let x be o(-5). Let b(w) = 2*w**2 + 0*w**2 - 3*w**2 - 4*w - 2. What is b(x)?
-2
Let z(v) be the third derivative of v**4/12 + v**2. What is z(-3)?
-6
Let b(x) = -2*x - x + x - 5 + 4. What is b(3)?
-7
Let k(x) = 0 - 1 - 1 - 2*x. Let c be (3 - -11)/2*(-18)/21. Calculate k(c).
10
Let y(l) = -1 - 3*l + 4*l + 4 + 4. Calculate y(0).
7
Let d(t) be the third derivative of t**4/12 - t**3/2 + 28*t**2. Calculate d(6).
9
Let c(q) be the second derivative of -q**4/12 + 5*q**3/6 - q**2/2 - 2*q. Give c(5).
-1
Let v(f) = -f**2 - 2*f + 2. Suppose 0 = 5*m - 0*b + 5*b - 45, -3*m = b - 25. Suppose l - 3*l - m = 0. Determine v(l).
-6
Let z be (-6)/((-1)/2*-4). Let r(i) = -4*i**3 + 2*i + 1. Let y(g) = 5*g**3 - g**2 - 2*g. Let d(u) = z*y(u) - 4*r(u). Determine d(-3).
2
Suppose o - 4 = -0*o. Let x = 0 + o. Let a(l) be the first derivative of l**3/3 - 3*l**2 + l + 38. Determine a(x).
-7
Let w be 2/3*(5 - 4). Let l(d) be the first derivative of -w*d**3 + 2 + d**2 + 2*d + 1/4*d**4. Calculate l(2).
6
Let c(u) = 4*u**2 - 7 + 105*u - 5*u**2 - 105*u. Give c(0).
-7
Let z(y) = y**3 + 4*y**2 + y + 2. Let w(s) = -s - 1. Let i be w(2). Let u = -1 + -5. Let l be (u - i)/(6/8). Calculate z(l).
-2
Let p(y) = -100*y**2 + 33*y**2 + 7*y - 4 + 32*y**2 + 33*y**2. Give p(4).
-8
Let d(j) = -3*j + 2. Let s(a) = -4*a**3 - a - 1. Let k be s(-1). Let f be 7/k - 1/(-4). Calculate d(f).
-4
Let t(x) = 1 - 5 - x**2 + 1 - x. Let q be t(0). Let g be -1 - (q + 6/2). Let s(f) = 3*f + 1. What is s(g)?
-2
Let z(b) = b**3 - 5*b**2 - 8*b + 5. Let k be z(6). Let q(m) = -m - 6. Determine q(k).
1
Let a be (0 + -1)*(-9)/(-3). Let h(s) = -2*s**2 + 3*s**2 + 7*s + 5 - 1. Give h(a).
-8
Let m = -168 + 176. Let y(k) = k + 6. What is y(m)?
14
Let l(h) = -h**2 - 3*h + 4. Let z be (-2)/7 - 46/(-14). Let i be ((-25)/15)/(1/z). Give l(i).
-6
Let b be 4*6/4*1. Let n = 9 - b. Let y(w) = 7*w + w**2 + w**3 + 3*w**2 + 5 + n*w**2. Calculate y(-6).
-1
Let j(z) be the first derivative of -z**4/4 - 2*z**3 - z**2/2 - z + 15. Determine j(-6).
5
Let h(n) = -3*n + 4. Let z be h(-1). Let q(w) = -w**2 + 6*w + 4. Calculate q(z).
-3
Let o(x) be the first derivative of -x**4/4 - 2*x**3 - 7*x**2/2 + 2*x - 1. What is o(-5)?
12
Let r(q) = -q**2 - 3*q - 2. Let g be 5 + -2 - 2 - 1. Suppose 4*f + 2*h + 12 = g, f + 3*h = -2 - 6. Give r(f).
0
Let d(j) = -3*j + 3*j - 1 + 7*j**2. Let m be (-3)/1 - (-6 - -4). Give d(m).
6
Let w be ((-10 - -10)/(0 + 2))/(-1). Let t(r) be the second derivative of w + 4*r - 7/2*r**2 + 1/3*r**3. Give t(5).
3
Let i(b) = -b**2 - 3 + 6 - 3 - b + 3. Give i(0).
3
Let h(f) be the first derivative of f**3/2 + 3*f + 6. Let a(c) be the first derivative of h(c). Calculate a(3).
9
Suppose -3*l + 10 = -2*s - l, 3*l - 8 = 2*s. Let v(m) = -m**3 - 7*m**2 + m + 8. Determine v(s).
1
Let b(s) = -2 + 0*s**3 - 2*s**3 - 13*s + 4*s**2 + 3*s**3 + 8*s. Let v = 4 + -9. Give b(v).
-2
Let l(a) be the third derivative of -a**4/6 + a**3/3 + 2*a**2 - 20. What is l(-2)?
10
Let h(j) = j**2 + 9*j + 5. Let x be h(-8). Let s(n) = n + 1. Give s(x).
-2
Let u be 4 - -1 - (14 + -11). Let q(n) = -4*n - 2 + 3*n + 2*n**2 + n**3 - 2*n**3. What is q(u)?
-4
Let h = 16 - 12. Let k(g) = -g**3 + 2*g**2 + g + 5. Let s(o) = o**3 - o**2 - o - 6. Let t(q) = -3*k(q) - 2*s(